 s. List the prime factors of k(j).
89
Suppose 35 = 2*n + 3*n - 5*g, 2*n - 3*g - 19 = 0. Suppose -2*q + 3791 = 3*q - 2*u, -4*u + 3044 = 4*q. Suppose -9*m = n*m - q. What are the prime factors of m?
3, 23
Suppose 0 = -4*a + 56*l - 55*l + 18407, l = 3*a - 13805. List the prime factors of a.
2, 3, 13, 59
Let d(u) be the third derivative of -u**6/120 - u**5/30 + u**4/12 + 365*u**3/6 + 2*u**2 - 29*u. What are the prime factors of d(0)?
5, 73
Let i = -3169 + 8964. What are the prime factors of i?
5, 19, 61
Let m = -53174 + 101926. List the prime factors of m.
2, 11, 277
Let a be (3 - 4) + -62 + 0. Let j = 75 + a. Let f = j - -103. List the prime factors of f.
5, 23
Let w = 5369 - 3978. List the prime factors of w.
13, 107
Suppose 9*u - 1425 = 8*u. List the prime factors of (u/6)/((-11)/(-22)).
5, 19
Let z(v) = -1194*v + 2625. What are the prime factors of z(-5)?
3, 5, 191
Let h(k) = -k**3 - 3*k**2 - 11*k - 35. Suppose -4*x = r + 27, 2*r + 5 = 3*r. List the prime factors of h(x).
373
Suppose -25*k + 169052 + 307934 = 148186. What are the prime factors of k?
2, 3, 137
Suppose 0 = -q - 59 - 186. Let m be ((-1)/1)/(5/q). Suppose s = -3*t + m + 176, 0 = 2*s + 6. List the prime factors of t.
2, 19
Let j(d) = d**3 - 13*d**2 + 12*d - 71. Let a be j(13). Let m = 280 - a. What are the prime factors of m?
3, 5, 13
Let f be (-7 - -8)*(0 - 0). Suppose f = 389*i - 388*i - 477. List the prime factors of i.
3, 53
Suppose -14 = -2*o - 2. What are the prime factors of o/2*1752/9?
2, 73
Let c = 92 + -78. Suppose 10*r = c*r - 56. Let k = 35 + r. List the prime factors of k.
7
Suppose -c = -g + 2 - 8, 5*c = -3*g - 34. Let d be (35/(-5) - g) + (-8)/(-2). Suppose -d*q + 3*o + 697 = -56, o = -5*q + 749. List the prime factors of q.
2, 3, 5
Let c = 19 - -2. Let w(n) = -n**3 + 22*n**2 - 9*n - 26. Let o be w(c). Suppose 5*u + 5*z = 4*u + o, -4*u + 904 = 4*z. What are the prime factors of u?
2, 113
Let w = -10070 + 20630. What are the prime factors of w?
2, 3, 5, 11
Let z be 154/42 + (-5)/3 + 1. Suppose 5*b = z*y + 11 + 8, y = -5*b + 7. Suppose n - f - 98 = 157, 0 = b*n + f - 513. List the prime factors of n.
2
Suppose -32*m + 36 = -20*m. Let y(l) = 168*l + 15. List the prime factors of y(m).
3, 173
Let j(a) = 3*a - 257. Let i be 0/(6/(6/3)). Let u be j(i). Let t = -145 - u. List the prime factors of t.
2, 7
What are the prime factors of ((-665)/3)/((22/6)/(-11))?
5, 7, 19
Let w(t) = 53*t**2 + 11*t + 7. Let y(l) = 5*l + 7. Let f be y(-2). List the prime factors of w(f).
11, 41
Suppose -4*w - 118 = -2*s, 2*w + 6 = -0*w. Let n = -47 + s. List the prime factors of (-4)/8 - (-555)/n.
2, 23
Let g(w) = -w**3 + 15*w**2 + 20*w - 16. Suppose -3*j + 2*v + 12 = 0, 3*j - v = 3*v + 18. Let u be (0 + 1)/(j/32). List the prime factors of g(u).
2, 3
Let l = -869 + 886. Let v(n) = 23*n - 43. What are the prime factors of v(l)?
2, 3, 29
Let j(z) = 46*z**3 + 7*z**2 - 40*z + 264. What are the prime factors of j(6)?
2, 3, 23, 37
Let w(x) be the first derivative of 7*x**2/2 - 29*x - 16. Let c(a) = a**3 - 4*a + 5. Let j be c(2). What are the prime factors of w(j)?
2, 3
Let g(j) be the second derivative of -7*j**3/3 - 27*j**2/2 - 14*j. Let i be g(-6). Suppose o - 73 = -3*x, x - 3*x + o = -i. What are the prime factors of x?
2, 13
Suppose 166*m = 810643 + 1690811. List the prime factors of m.
3, 5023
List the prime factors of (-30*2498/(-48))/(1*1/8).
2, 5, 1249
Let x(t) = 3296*t + 220. List the prime factors of x(2).
2, 13, 131
Suppose 4*r - 102600 = -2*d, -2*d - 951*r + 102605 = -948*r. What are the prime factors of d?
2, 5, 7, 733
Suppose 0 = 3*h + 1 - 25. Suppose -13*o = -h*o - 215. Let w = o - -37. What are the prime factors of w?
2, 5
Let x = -89 - -91. Suppose 2*h + 4*d = 690, -3*h + 1737 = x*h - 2*d. What are the prime factors of h?
347
Let n(r) = -3*r + 2. Let h be n(-6). Suppose -5*v = -2*t - 110, -4*t - 44 = -4*v + 2*v. Suppose -v*o = -h*o - 110. What are the prime factors of o?
5, 11
Suppose -7*o - 10 + 227 = 0. Suppose 728 = 2*g + 3*t - o, -5*g + 1887 = -3*t. What are the prime factors of g?
2, 3, 7
Let v = 73458 + -11251. What are the prime factors of v?
62207
Let q = -73 - -76. Let m be 1/((-1)/q) - -98. Let k = 48 + m. List the prime factors of k.
11, 13
Let f = 65856 - 41286. What are the prime factors of f?
2, 3, 5, 7, 13
Suppose 24*y - 13219 = -211. Let g = -12 + 18. Suppose -y = -g*k + 112. What are the prime factors of k?
109
Let j = 4621 - 1845. List the prime factors of j.
2, 347
Let g(d) = d**3 + 12*d**2 - d + 9. Let o be g(-12). Suppose 0 = -o*b + 3958 - 10. What are the prime factors of b?
2, 47
Suppose 0 = 7*s - 5*s - 126. Let m be (1 - 3) + s + 4. Suppose 3*x - 270 = 5*n, x + 3*n - m = 25. What are the prime factors of x?
2, 3, 5
Let l = 38 + -36. Suppose -z + 948 = l*z. List the prime factors of z.
2, 79
Suppose -3*d + 22 = -4*o, 2*o + 14 = 6*d - 3*d. Suppose 2*v + 3*s = -40 + 563, d*s = 5*v - 1279. What are the prime factors of v?
257
Suppose -61 = -2*y - 51. Let s(a) = a**3 + 2*a**2 + 6*a - 30. List the prime factors of s(y).
5, 7
Let f(j) = j**3 - 3*j**2 - 28*j + 4. Let i be f(7). Suppose -i*d - 5208 = -4*l, 17*d = 3*l + 15*d - 3908. What are the prime factors of l?
2, 163
Let u = -49 - 50. Let y = -23 - u. List the prime factors of y.
2, 19
Let l = 6540 + -192. What are the prime factors of l?
2, 3, 23
Suppose -76*g + 300916 = -456804. What are the prime factors of g?
2, 5, 997
Suppose 0 = -9*c + 8*c + 5. Suppose -2*n - c = 4*f - 15, 3*f - 15 = -3*n. List the prime factors of n.
5
Let z(k) be the second derivative of -20*k**3/3 - 87*k**2 + 9*k + 2. What are the prime factors of z(-19)?
2, 293
Let f be (-6*16/40)/(6/20). What are the prime factors of (-2 - f/2)/(43/3698)?
2, 43
Suppose -7*p + 116 = -220. Suppose -p + 120 = 6*w. Suppose 0 = 6*d + w*d - 3726. What are the prime factors of d?
3, 23
Let d = 162 + -133. Let w = 143 - d. What are the prime factors of w?
2, 3, 19
Let j be (-2)/(2 + (-140)/65). Suppose j*b + 1885 = -1261. Let u = -140 - b. What are the prime factors of u?
2, 3, 17
Suppose -23*a = -27*a + 124. Suppose -b + 8 = -a. List the prime factors of b.
3, 13
Let v be -6 - (2 + -12 + 10). Let p = 6 + 54. List the prime factors of p/((-32)/24*v/16).
2, 3, 5
Let i be 1/((-2)/(-480)*8). What are the prime factors of ((-495)/i)/(3/(-174))?
3, 11, 29
Suppose 27775 = 5*c - 288*l + 293*l, -16669 = -3*c - 2*l. What are the prime factors of c?
3, 17, 109
Suppose -4*c + 7 = -13. Suppose -c*z = -k - 2*k + 578, 2*z = k - 194. Suppose k = -21*u + 24*u. What are the prime factors of u?
2, 31
Let g = 328 + -147. Let w(j) = -249*j - 1242. Let n be w(-5). Suppose -n*p - 7 = -g. List the prime factors of p.
2, 29
Let b be ((-14)/(-49) + (-176)/(-21))*-36. Let r = 162 - b. List the prime factors of r.
2, 3, 79
Let c(w) = 5*w**2 + 5*w + 5. Let s be c(-2). Suppose -11*a = -s*a + 12. Let r = a - 0. List the prime factors of r.
3
Let t = 5924 - -10220. List the prime factors of t.
2, 1009
What are the prime factors of (191157/6 + 2)*(-124 - -126)?
3, 11, 1931
Suppose -3*v + 25 = 2*f, -4*f - 1 = v - 26. Suppose -f*g - 32 = -9*g + 4*m, 4*g + m = 52. What are the prime factors of g?
2, 3
Let t(f) = -2571*f - 2559. List the prime factors of t(-12).
3, 9431
What are the prime factors of 17/((-119)/154)*4/((-8)/2917)?
11, 2917
What are the prime factors of 316545/7 + (-984)/574?
3, 15073
Suppose -25*q + 5*q = -224700. List the prime factors of q.
3, 5, 7, 107
Let p be 3/(4*8/192). Let w = -12 - -28. Suppose -4*u = -m - p, 2*m - 4*m + 4*u = w. List the prime factors of m.
2
Let r(f) be the first derivative of 8*f**2 + 25*f + 44. What are the prime factors of r(10)?
5, 37
Let l = -4642 + 7610. What are the prime factors of l?
2, 7, 53
Let k(o) be the third derivative of -7*o**4/3 - 4*o**3/3 + 32*o**2 + 2. List the prime factors of k(-7).
2, 3
Suppose 3*g - 107764 = 4*m, -65*g + 3*m = -67*g + 71854. List the prime factors of g.
2, 7, 1283
Suppose 0 = -5*z + 72 + 113. Let c = z + -32. Suppose v + 207 = c*w, -5*v = -3*w + w + 69. What are the prime factors of w?
2, 3, 7
Suppose 133*h = -10*h + 596882. What are the prime factors of h?
2, 2087
What are the prime factors of ((-7413)/(-5))/((-89)/(-445))?
3, 7, 353
Let f = -12 + 57. Let g = f - 33. List the prime factors of (-8)/g*-30*(-1